4086 is divided by 329?
15
Calculate the remainder when 38578 is divided by 521.
24
What is the remainder when 135527 is divided by 1628?
403
What is the remainder when 427071 is divided by 1606?
1481
Calculate the remainder when 1733051 is divided by 577678.
17
Calculate the remainder when 5116384 is divided by 1614.
4
What is the remainder when 113654 is divided by 5412?
2
What is the remainder when 58860207 is divided by 484?
483
Calculate the remainder when 600465 is divided by 245.
215
What is the remainder when 3032224 is divided by 210?
34
What is the remainder when 60645 is divided by 23?
17
What is the remainder when 8242658 is divided by 3521?
3518
Calculate the remainder when 239157 is divided by 2949.
288
What is the remainder when 1489933 is divided by 759?
16
Calculate the remainder when 4014590 is divided by 128.
126
Calculate the remainder when 153902 is divided by 1184.
1166
What is the remainder when 10031077 is divided by 893?
8
Calculate the remainder when 255724588 is divided by 17.
14
What is the remainder when 406258 is divided by 1107?
1096
What is the remainder when 740464 is divided by 440?
384
Calculate the remainder when 36113531 is divided by 39.
38
What is the remainder when 45800642 is divided by 534?
530
What is the remainder when 39454057 is divided by 626?
407
What is the remainder when 4794953 is divided by 21795?
53
Calculate the remainder when 390797 is divided by 1852.
25
What is the remainder when 2710777 is divided by 66116?
21
What is the remainder when 135403343 is divided by 36?
35
What is the remainder when 185057 is divided by 154?
103
What is the remainder when 244789 is divided by 244665?
124
Calculate the remainder when 43126827 is divided by 22.
7
Calculate the remainder when 285135 is divided by 1648.
31
What is the remainder when 810828 is divided by 6759?
6507
Calculate the remainder when 26860 is divided by 1518.
1054
Calculate the remainder when 402500 is divided by 542.
336
What is the remainder when 867023619 is divided by 27?
24
Calculate the remainder when 2747918 is divided by 11.
8
What is the remainder when 62785 is divided by 1105?
905
What is the remainder when 19487 is divided by 400?
287
Calculate the remainder when 242394 is divided by 440.
394
Calculate the remainder when 20339411 is divided by 10169695.
21
What is the remainder when 8264314 is divided by 1652823?
199
What is the remainder when 1106777 is divided by 1108?
993
Calculate the remainder when 8319661 is divided by 767.
12
What is the remainder when 1241996 is divided by 840?
476
What is the remainder when 53039 is divided by 16580?
3299
What is the remainder when 355767 is divided by 1208?
615
Calculate the remainder when 1840361 is divided by 9248.
9
What is the remainder when 6270759 is divided by 252?
243
What is the remainder when 1304705 is divided by 462?
17
What is the remainder when 10354 is divided by 19?
18
What is the remainder when 41195 is divided by 381?
47
What is the remainder when 140934211 is divided by 12812201?
0
What is the remainder when 975072 is divided by 356?
344
What is the remainder when 4269433 is divided by 164208?
25
What is the remainder when 494200 is divided by 494180?
20
What is the remainder when 111210 is divided by 508?
466
What is the remainder when 32147547 is divided by 153816?
3
Calculate the remainder when 688805 is divided by 229581.
62
What is the remainder when 60976769 is divided by 2787?
2783
What is the remainder when 631423 is divided by 63142?
3
Calculate the remainder when 2234954 is divided by 261.
11
Calculate the remainder when 90337 is divided by 7288.
2881
Calculate the remainder when 118323526 is divided by 1120.
6
What is the remainder when 944035 is divided by 236002?
27
Calculate the remainder when 3990752 is divided by 19.
11
Calculate the remainder when 587229 is divided by 2340.
2229
What is the remainder when 8678602 is divided by 15722?
58
Calculate the remainder when 8770142 is divided by 661.
655
Calculate the remainder when 359930 is divided by 59936.
314
Calculate the remainder when 256665 is divided by 294.
3
Calculate the remainder when 388261 is divided by 2022.
37
What is the remainder when 12316014 is divided by 34211?
54
What is the remainder when 6790429 is divided by 2222?
2219
Calculate the remainder when 471755188 is divided by 73129.
9
What is the remainder when 436235 is divided by 27226?
619
What is the remainder when 3621659 is divided by 117?
41
Calculate the remainder when 4644321 is divided by 12220.
721
What is the remainder when 504402 is divided by 168027?
321
What is the remainder when 242474 is divided by 9698?
24
Calculate the remainder when 591913 is divided by 8834.
35
What is the remainder when 15240445 is divided by 1270037?
1
What is the remainder when 402760 is divided by 2549?
18
What is the remainder when 34756 is divided by 1043?
337
Calculate the remainder when 9244840 is divided by 85600.
40
Calculate the remainder when 263108 is divided by 10.
8
What is the remainder when 9873359 is divided by 17537?
28
What is the remainder when 423953 is divided by 314?
53
What is the remainder when 42547010 is divided by 881?
877
What is the remainder when 4997 is divided by 774?
353
Calculate the remainder when 8087514 is divided by 1245.
1239
Calculate the remainder when 34655162 is divided by 14.
10
Calculate the remainder when 112876 is divided by 1704.
412
What is the remainder when 54741 is divided by 9102?
129
Calculate the remainder when 14797060 is divided by 14797023.
37
Calculate the remainder when 3876770 is divided by 453.
449
What is the remainder when 28031904 is divided by 21?
12
What is the remainder when 1931723 is divided by 120?
83
Calculate the remainder when 30055 is divided by 572.
311
What is the remainder when 4138657 is divided by 553?
5
Calculate the remainder when 14155017 is divided by 3538752.
9
Calculate the remainder when 16004752 is divided by 82.
74
What is the remainder when 34724210 is divided by 1713?
1700
What is the remainder when 15052381 is divided by 1394?
1363
What is the remainder when 5536749 is divided by 692093?
5
What is the remainder when 3073812 is divided by 3073802?
10
Calculate the remainder when 105395034 is divided by 35131678.
0
Calculate the remainder when 18553501 is divided by 900.
1
Calculate the remainder when 598849 is divided by 46065.
4
What is the remainder when 1300044 is divided by 21310?
134
What is the remainder when 535682 is divided by 34385?
19907
What is the remainder when 370357 is divided by 319?
317
What is the remainder when 55730 is divided by 4936?
1434
Calculate the remainder when 2118 is divided by 809.
500
Calculate the remainder when 1453087 is divided by 163.
105
Calculate the remainder when 211986 is divided by 264.
258
What is the remainder when 52167 is divided by 354?
129
Calculate the remainder when 146811 is divided by 73171.
469
Calculate the remainder when 16863123 is divided by 8431535.
53
What is the remainder when 1399762 is divided by 2641?
32
Calculate the remainder when 25510552 is divided by 1227.
1222
What is the remainder when 11616183 is divided by 1174?
627
What is the remainder when 83519 is divided by 726?
29
Calculate the remainder when 1979314 is divided by 3522.
3472
What is the remainder when 4520383 is divided by 1130092?
15
What is the remainder when 2088667 is divided by 326?
311
What is the remainder when 362337 is divided by 1924?
625
What is the remainder when 121692 is divided by 2759?
296
What is the remainder when 19422818 is divided by 2427852?
2
Calculate the remainder when 5513675 is divided by 3008.
11
Calculate the remainder when 162567640 is divided by 438.
436
What is the remainder when 1201084 is divided by 400148?
640
What is the remainder when 3206565 is divided by 3768?
3765
Calculate the remainder when 335873 is divided by 335865.
8
What is the remainder when 246428 is divided by 244?
232
Calculate the remainder when 160896 is divided by 20074.
304
Calculate the remainder when 5772632 is divided by 1924210.
2
What is the remainder when 100544850 is divided by 826?
0
Calculate the remainder when 1161368 is divided by 24195.
8
Calculate the remainder when 204706 is divided by 5528.
170
What is th